n + b*n + 32 = 0. Calculate the remainder when n is divided by 9.
5
Let u(j) = -48*j**3 + j**2 + j + 1. Let m = -2 + 1. What is the remainder when u(-1) is divided by (12 - -1)/(m/(-2))?
23
Suppose -t - 4*h + 87 = 0, -2*h = -4*t - 0*h + 348. Suppose 18*j = 19*j - 45. What is the remainder when t is divided by j?
42
Suppose -2*b + 98 + 8 = 0. Let y = -1 + 15. What is the remainder when b is divided by y?
11
Suppose 4*m - 2*k = 210, 2*k + 66 + 196 = 5*m. Suppose -3*t + 2*j + 25 = 0, -2*t + 13*j = 18*j - 42. Calculate the remainder when m is divided by t.
8
Suppose -261*d = 4*m - 264*d - 28, m - 7 = 5*d. Let y = -6 - -18. Calculate the remainder when y is divided by m.
5
Let l(j) = -4*j - 7. Suppose -6*m - 605 = -11*m. Let u = m - 88. Calculate the remainder when u is divided by l(-6).
16
What is the remainder when 630/28*18/15 is divided by 1*(6 + -1 + 2)?
6
Let s(o) = -10*o + 2. Let g = 28 + -24. Calculate the remainder when s(-3) is divided by 238/(-7)*(-2)/g.
15
Let m(y) = -y**2 - y + 4. Let i be m(-3). What is the remainder when 39 is divided by (44/22)/(i/(-14))?
11
Suppose 3*w - 3668 = 3*y + 4951, -4*w = 2*y - 11516. Calculate the remainder when w is divided by 24.
21
Let o = 234 + -86. What is the remainder when o is divided by 30?
28
Let a(w) = w**3 + 31*w**2 - 68*w + 34. What is the remainder when 1199 is divided by a(-33)?
99
Let u(a) = 32*a**2 + 1. Suppose 2 = -3*n - 1. Calculate the remainder when u(n) is divided by 12.
9
Let o(v) = v**3 + v + 36. Let u be o(0). Let k = u + -33. What is the remainder when k is divided by 2?
1
Let j(a) = -a**3 + 15*a**2 - 12*a + 15. Suppose -f - 5*f = -84. What is the remainder when 171 is divided by j(f)?
42
Suppose 2*s + 3 = 4*k + 7, 0 = -s + 3*k - 3. What is the remainder when 417 is divided by s?
9
Suppose 0 = -8*m + 4*m - 4*h + 192, 2*m - h = 87. Let b(n) = n**3 + 2*n**2 + n. Let z be b(-3). Let s = z + 28. What is the remainder when m is divided by s?
13
Calculate the remainder when 66 is divided by (-92)/(-5) - 16/(-200)*-5.
12
Suppose 3*t - 3*q - 153 = 0, q = 7*t - 4*t - 145. Calculate the remainder when t is divided by 26.
21
Suppose -s + 3*y + 6 = 4*s, -4*s + 21 = 3*y. Suppose -s*c = -c - 6. Calculate the remainder when 3/(3 - (-8)/(-3)) is divided by c.
0
Suppose 64 - 14 = 5*d. Let k be 275/20 + (-1)/(-4). Calculate the remainder when d is divided by 0 - (-3)/(6/k).
3
Suppose 4*p - 8 - 12 = 0. Suppose 0 = -2*z - 13 + p, -5*h + 4*z = -91. Calculate the remainder when -47 + 94 - (1 - -2) is divided by h.
14
Let l(h) = -4*h - 2. Let f be l(-1). Suppose -b - 5*o - 30 = 0, 4*b - f*b - o = -93. Let d = b + 83. What is the remainder when d is divided by 10?
8
Suppose 6*w + 154 - 187 = -5*w. Let l = -10 - -29. Let h = -11 + l. What is the remainder when h is divided by w?
2
Suppose 0 = -1389*d + 1384*d + 120. What is the remainder when 66 is divided by d?
18
Let c(l) = -55*l + 16. What is the remainder when c(-9) is divided by 19?
17
Suppose 186*b - 177*b - 54 = 0. Suppose r - 4*h - 3 = -0, -2*r - h = -15. Calculate the remainder when r is divided by b.
1
Let d be 1/(-3*2/(-78)). Suppose 2*c = -d + 1. What is the remainder when (-8)/(-84)*c*-7 is divided by 2?
0
Let q(i) = -i**3 - 4*i**2 + 7*i + 12. What is the remainder when q(-8) is divided by 72?
68
Let a(p) = p**3 + 7*p**2 - 3*p. Let k = 56 - 37. Calculate the remainder when a(-6) is divided by k.
16
Let d(v) = -2*v + 35. Suppose -3*y + 7*y - 16 = 0. Suppose -y*m - s = s - 46, -2*m - 3*s + 29 = 0. What is the remainder when d(-12) is divided by m?
9
Suppose 3*o = -2*o. Suppose o = 4*j - 5*j + 31. Let u(i) = -i**3 + 20*i**2 - 16*i - 41. Calculate the remainder when j is divided by u(19).
15
Let m(h) = -6*h + 56. What is the remainder when 64 is divided by m(7)?
8
Suppose -3*b - 310 + 49 = 0. Let f = 56 + b. Let i = 46 + f. What is the remainder when 57 is divided by i?
12
What is the remainder when (-1)/(-1) - 6258/(-42) is divided by 38?
36
Let r(v) = -14 + 4 - v + 2 - 1 + v**2. Suppose -z + 4*z - 30 = 0. Calculate the remainder when r(z) is divided by 21.
18
Suppose 2*h + 0*h - 198 = 0. Suppose 6*c - 11*c + 97 = 3*v, -4*c + 88 = 5*v. What is the remainder when h is divided by c?
14
Let s be ((-47)/4)/(3*1/(-12)). Let p = -45 + s. What is the remainder when 6 is divided by p?
0
Suppose -5*k + 261 = 46. What is the remainder when k is divided by 13?
4
Suppose -3*b + 2 = -u, 0 = 4*b + 5*u + 13 - 41. Suppose -b*j = -9*j + 273. What is the remainder when 75 is divided by j?
36
Suppose 595*k - 607*k + 60 = 0. What is the remainder when 17 is divided by k?
2
Suppose 27*t = 28*t - 107. Calculate the remainder when t is divided by (-1)/((-1)/(-4)) + 41.
33
What is the remainder when 29 is divided by 9/(-63) - (-1)/(7/64)?
2
Suppose 0 = -v - 4*p + 7 + 33, 5*v + 5*p - 140 = 0. Calculate the remainder when 261 is divided by v.
21
Let l(w) = w**2 + 9*w + 47. Calculate the remainder when 548 is divided by l(-6).
26
Suppose 3*g + 3*f - 2 - 52 = 0, -4*g + 62 = -f. Calculate the remainder when 40 is divided by g.
8
What is the remainder when 6 is divided by 180/(-150) + 22/10?
0
Let v(c) = c**2 - 12*c - 44. Let r be v(20). Suppose -q + r - 3 = 0. What is the remainder when q is divided by 39?
35
Suppose -x - 2*o + 6 = 0, -o + 4 = -x + 7. Let g be (-2)/(-1 + 3/2). Calculate the remainder when x is divided by (-228)/(-84) + g/(-14).
1
Suppose 0 = 5*m + 113 - 28. Calculate the remainder when (1 + 0)/1 + 44 is divided by 0 + 3 - (m + 4).
13
Let o(t) = 3*t**2 + 18*t + 21. What is the remainder when o(-8) is divided by 9?
6
Let r(k) = -k**3 - 6*k**2 - 6*k - 5. Let c be r(-5). Let l(u) = -15*u + 1. What is the remainder when l(-3) is divided by (-96)/(-4) - (c - 0)?
22
Let a(d) = d**2 + 5*d - 40. Let c be a(-13). What is the remainder when ((-178)/(-8))/(2*8/c) is divided by 15?
14
Let k(a) = a + 13. Let t be k(-8). Suppose h + 0*j = 3*j + 30, -t*h + 65 = 2*j. What is the remainder when 119 is divided by h?
14
Let c(m) = 3*m**3 + 4*m**2 + 4*m - 3. Let q be c(-4). Let h = -96 - q. Calculate the remainder when h is divided by 27.
24
Let j be (-207)/(-9) - (0 - 0). Let w = j - -3. What is the remainder when 98 is divided by w?
20
Let s(b) = 1 - b - 1 + 12 - 1. What is the remainder when 97 is divided by s(-9)?
17
Suppose -m - 5*l = -58, l = -10*m + 14*m - 253. Let i = -18 - -47. Let c = i + -13. Calculate the remainder when m is divided by c.
15
Let v = 525 + -505. Calculate the remainder when 76 is divided by v.
16
Let w = 12 + -10. Let z(t) = 13*t - 1. Calculate the remainder when z(w) is divided by 14.
11
Suppose -291*f = -244*f - 1833. Let v = 38 + -54. What is the remainder when f is divided by (-2)/4*(v - 0)?
7
Let j(g) = g**3 + 5*g**2 - 6*g + 10. Let l be (-92)/(-115) + (-29)/5. Calculate the remainder when 157 is divided by j(l).
37
Suppose z - 2*v - 18 = 0, 0 = 3*z + v - 3*v - 46. Let t = z + -7. Calculate the remainder when 16 is divided by t + (-2 - -3 - -1).
7
Suppose 800 = 54*g - 14*g. Calculate the remainder when 397 is divided by g.
17
Let r = -104 + 170. Suppose -10*c + 314 + r = 0. Calculate the remainder when c is divided by 10.
8
Suppose -2*s + 31 = y, s = 2*y + 2*y + 20. Let v(c) = -4*c**2 - 41*c + 185. Calculate the remainder when v(-13) is divided by s.
10
Let p(b) = -b**3 - 32*b**2 - 34*b - 86. Suppose 0 = 5*o - 4*a - a - 175, 5*a - 56 = -2*o. What is the remainder when o is divided by p(-31)?
5
Suppose -248 = -4*q + 4*x, 0*q - q + 3*x = -66. What is the remainder when 172 is divided by q?
52
Suppose -12*j = -10*j - 4. Calculate the remainder when (14/4)/((1 + j)/54) is divided by 13.
11
Suppose -5*b = 4*a - 209, 0*b - b - a + 41 = 0. Let j = 20 + -8. What is the remainder when b is divided by j?
9
Let v(g) = -95*g + 2990. What is the remainder when v(31) is divided by (1/3 + 1)*9?
9
Let j(h) = 4*h**2 - 2*h + 1. Let t be j(1). Suppose -12 = 4*v, 3*f + t = 4*v + 21. Calculate the remainder when ((-256)/(-352))/((-2)/(-11)) is divided by f.
0
What is the remainder when ((-1314)/12)/((-2)/4) is divided by 55?
54
Suppose 101 = 2*t - m, 3*t = -0*m - 4*m + 179. Suppose 5*z - 49 = -2*g, 0 = -g - z + 4*z + 30. Calculate the remainder when t is divided by g.
26
Suppose -5*y - 9*b + 8*b + 345 = 0, -2*b = -10. Calculate the remainder when y is divided b